{"id":7198,"date":"2024-08-12T20:48:47","date_gmt":"2024-08-12T20:48:47","guid":{"rendered":"https:\/\/displayedbricks.dk\/?post_type=product&#038;p=7198"},"modified":"2024-08-12T20:48:47","modified_gmt":"2024-08-12T20:48:47","slug":"peugeot-9x9-le-mans","status":"publish","type":"product","link":"https:\/\/displayedbricks.dk\/index.php\/product\/peugeot-9x9-le-mans\/","title":{"rendered":"Peugeot 9X9 Le-Mans"},"content":{"rendered":"<p>Tr\u00e6d ind i en verden af ekspertise og elegance med vores Displayed Bricks Klods Technic displayplader.<br \/>\nDisse smukt designede plader er skabt til at fremvise dine Technic biler i 1:10 og 1:8 biler med enest\u00e5ende pr\u00e6cision og stil.<br \/>\nVores displayplader er fremstillet af h\u00f8j kvalitet 6 mm akryl, der ikke kun giver en solid base, men ogs\u00e5 giver en klar og skinnende baggrund, der fremh\u00e6ver hver enkelt detalje af din bil.<br \/>\nBaggrunden er specialdesignet til hver bilmodel, hvilket skaber en unik og imponerende pr\u00e6sentation.<\/p>\n<p>Med vores mounts lavet af solid plastik kan du v\u00e6re sikker p\u00e5, at din Klods bil er sikkert fastgjort og stadig vises i al sin pragt.<br \/>\nMonteringen p\u00e5 v\u00e6ggen er enkel og sikker med vores button fix display, der sikrer, at din displayplade sidder sikkert p\u00e5 plads.<\/p>\n<p>Vores produkter er ikke kun designet til de officielle LEGO Technic biler, men til enhver Klods-model, du kan forestille dig.<\/p>\n<p>Vi tilbyder ogs\u00e5 en skr\u00e6ddersyet service, hvor vi kan designe et specielt beslag til din egen Klods-model, s\u00e5 du kan vise den frem p\u00e5 den bedst mulige m\u00e5de.<\/p>\n<p>Denne displayplade passer perfekt til en Ferrari GT40, en sekund\u00e6r udgave af LEGO&#8217;s Ferrari Daytona SP3, tegningen kan findes p\u00e5 Rebrickable.<br \/>\nOplev den ultimative kombination af kvalitet, \u00e6stetik og funktionalitet med Displayed Bricks displayplader &#8211; det perfekte valg for enhver Klods-entusiast.<\/p>\n","protected":false},"excerpt":{"rendered":"<p>Tr\u00e6d ind i en verden af ekspertise og elegance med vores Displayed Bricks Klods Technic displayplader.<br \/>\nDisse smukt designede plader er skabt til at fremvise dine Technic biler i 1:10 og 1:8 biler med enest\u00e5ende pr\u00e6cision og stil.<br \/>\nVores displayplader er fremstillet af h\u00f8j kvalitet 6 mm akryl, der ikke kun giver en solid base, men ogs\u00e5 giver en klar og skinnende baggrund, der fremh\u00e6ver hver enkelt detalje af din bil.<br \/>\nBaggrunden er specialdesignet til hver bilmodel, hvilket skaber en unik og imponerende pr\u00e6sentation.<\/p>\n<p>Med vores mounts lavet af solid plastik kan du v\u00e6re sikker p\u00e5, at din Klods bil er sikkert fastgjort og stadig vises i al sin pragt.<br \/>\nMonteringen p\u00e5 v\u00e6ggen er enkel og sikker med vores button fix display, der sikrer, at din displayplade sidder sikkert p\u00e5 plads.<\/p>\n<p>Vores produkter er ikke kun designet til de officielle LEGO Technic biler, men til enhver Klods-model, du kan forestille dig.<\/p>\n<p>Vi tilbyder ogs\u00e5 en skr\u00e6ddersyet service, hvor vi kan designe et specielt beslag til din egen Klods-model, s\u00e5 du kan vise den frem p\u00e5 den bedst mulige m\u00e5de.<\/p>\n<p>Denne displayplade passer perfekt til en LEGO&#8217;s Peugeot 9X9 Le-Mans.<br \/>\nOplev den ultimative kombination af kvalitet, \u00e6stetik og funktionalitet med Displayed Bricks displayplader &#8211; det perfekte valg for enhver Klods-entusiast.<\/p>\n","protected":false},"featured_media":7199,"template":"","meta":{"inline_featured_image":false},"product_cat":[63],"product_tag":[],"class_list":{"0":"post-7198","1":"product","2":"type-product","3":"status-publish","4":"has-post-thumbnail","6":"product_cat-displayplates","7":"tm-has-options","10":"instock","11":"taxable","12":"shipping-taxable","13":"purchasable","14":"product-type-simple","15":"add-to-wishlist-after_add_to_cart"},"_links":{"self":[{"href":"https:\/\/displayedbricks.dk\/index.php\/wp-json\/wp\/v2\/product\/7198","targetHints":{"allow":["GET"]}}],"collection":[{"href":"https:\/\/displayedbricks.dk\/index.php\/wp-json\/wp\/v2\/product"}],"about":[{"href":"https:\/\/displayedbricks.dk\/index.php\/wp-json\/wp\/v2\/types\/product"}],"version-history":[{"count":1,"href":"https:\/\/displayedbricks.dk\/index.php\/wp-json\/wp\/v2\/product\/7198\/revisions"}],"predecessor-version":[{"id":7201,"href":"https:\/\/displayedbricks.dk\/index.php\/wp-json\/wp\/v2\/product\/7198\/revisions\/7201"}],"wp:featuredmedia":[{"embeddable":true,"href":"https:\/\/displayedbricks.dk\/index.php\/wp-json\/wp\/v2\/media\/7199"}],"wp:attachment":[{"href":"https:\/\/displayedbricks.dk\/index.php\/wp-json\/wp\/v2\/media?parent=7198"}],"wp:term":[{"taxonomy":"product_cat","embeddable":true,"href":"https:\/\/displayedbricks.dk\/index.php\/wp-json\/wp\/v2\/product_cat?post=7198"},{"taxonomy":"product_tag","embeddable":true,"href":"https:\/\/displayedbricks.dk\/index.php\/wp-json\/wp\/v2\/product_tag?post=7198"}],"curies":[{"name":"wp","href":"https:\/\/api.w.org\/{rel}","templated":true}]}}